 7).
-8
(-16 - (0 + -16) - 9) + 30
21
Evaluate -3 - (8 + -7 - 5 - 3) - -11.
15
What is 2 - -13 - -3 - 14?
4
Evaluate 53 + -18 - 17 - 3.
15
What is the value of 6 + (-10 - -11 - 20 - -12 - 4)?
-5
Calculate 0 + 0 + -11 + -17 + 45 + -1.
16
Evaluate -6 + (15 - (6 + (5 - 5) + 1)).
2
(-16 - -11) + (6 - (8 - 4)) + -8
-11
Evaluate (2 - 10 - -1 - (-5 - 5)) + 13.
16
What is the value of 3 + (2 + 8 + 5 - 5)?
13
14 + 0 + (-51 + 47 - 22)
-12
What is (19 - (12 + 13)) + (3 - -1)?
-2
Evaluate 33 - 6 - 76 - -32.
-17
What is the value of 28 - 1 - (143 + -110)?
-6
What is (-4 - 0) + 185 + -199?
-18
Evaluate (4 - (3 - -7)) + 8 + -1.
1
What is the value of -37 + 18 - (-5 - 0)?
-14
Evaluate 2 + -1 + 5 - (10 - (2 + 9)).
7
Calculate (23 - 26) + 0 + -1 + (17 - 1).
12
What is the value of (-16 - -48 - 12) + -15 - -18?
23
Evaluate 88 - 86 - (-4 + (-1 - -3) - -14).
-10
Calculate 5 + (1 - 0 - 14) + (-1343 - -1347).
-4
What is -36 - (-12 + -40 + 21)?
-5
Calculate 4 + 3 + (2 - -8 - 20).
-3
Calculate 10 - ((7 - (2 - -11)) + -10).
26
Evaluate -16 - -20 - 7 - -8.
5
Evaluate 23 + (-10 - (6 - (7 - -6))) + -9.
11
What is the value of -2 - (2 - -5 - (23 + -23))?
-9
Evaluate (0 - -7) + -14 + 11.
4
19 + -49 + -1 + -89 + 108
-12
0 - (2 + -10) - (-28 + (2 - -32))
2
27 + -16 - (6 - (-7 + 11))
9
8 - 31 - -40 - -6
23
Evaluate (16 - 7) + -14 + -2 + 0 - 5.
-12
What is the value of -17 - -38 - 27 - (1 + -2 + 1)?
-6
What is -36 + -2 - (617 - 648)?
-7
Calculate 4 + -16 - -7 - 9.
-14
What is the value of -1 + 3 + (4 - (-2 + 12)) + -9?
-13
What is -9 + (17 - 7) - 0 - (0 + 16)?
-15
(0 - 2) + (12 - (5 - -18))
-13
What is (3 - (0 + 9)) + 1 + 14 + -13?
-4
What is -8 + 0 - (-12 - -20 - 21)?
5
What is the value of -15 + -1 - (-17 + 7 + 12)?
-18
-1 + 5 - -3 - (-1 - 5) - 9
4
2 - 4 - (9 + 2 + 0 - 8)
-5
What is (-17 - (15 - 77)) + -72?
-27
What is 33 + -13 - (-1 - -38)?
-17
What is (8 - 6) + 17 + -5?
14
-1 - -3 - 0 - (1006 - 1014)
10
-7 + (-9 - -7) + (-7 - -6) + 0
-10
What is -10 - (17 + -23 + -25)?
21
What is the value of -24 + 31 - -7 - (1 + -4)?
17
(34 + -80 - -21) + 50
25
What is the value of (0 - 0) + -5 + -2 + (-65 - -63)?
-9
What is the value of -13 + -2 + 5 - -2 - (-61 + 39)?
14
What is -23 + 18 - (-7 + 0)?
2
Evaluate (-22 - -6) + 7 - (4 + 0 + -1).
-12
Calculate -1566 + 1588 - (-1 - -8).
15
-17 + 1 + (-11 - 16) + 41
-2
Evaluate 17 + -6 + 12 + -27.
-4
What is 1 + (-8 + -1 - -3) + -5 + -4?
-14
Evaluate -17 + -9 + -6 + 13 - (-2 + 7).
-24
Calculate -65 + 63 - (-11 - 1).
10
What is the value of 3 + (-5 - ((-3 - -5) + -14))?
10
What is the value of -23 - -19 - -7 - (6 + 2)?
-5
-4 + (-11 + -2 + 7 - (-12 + -2))
4
What is the value of (21 - 22) + 3 + -29?
-27
What is the value of -34 + 23 + -11 + 2?
-20
What is the value of -8 + (0 - 0) - ((-39 - -31) + 5)?
-5
Calculate (19 - 12) + 1 + -7 - (-20 - -1).
20
What is 0 + -9 + 5 + -6 - -4?
-6
Evaluate 1 - -1 - 3 - (11 + (-10 - -3)).
-5
What is the value of (-15 - (-6 + 4)) + -38 + 58?
7
Calculate 103 + -106 + 1 + -8 - 9.
-19
Calculate (-8 + (23 - 1) - 1) + -9.
4
Calculate 10 - (-7 - (-23 + 15) - -16).
-7
(3 - (-11 + 8)) + -11
-5
Calculate (-3 - 3 - (9 - 5)) + 22 + 19.
31
Evaluate -10 - (-9 - (-5 - -10)).
4
What is -13 - ((3 + -6 - -7 - 7) + 1)?
-11
2 - (12 + -1) - -19 - 24 - -3
-11
Evaluate 8 + 2 + -19 - -19.
10
Calculate -8 + -7 + 16 + -7 - -15 - -4.
13
-21 + (2 - (-35 - -28))
-12
What is the value of 6 + (-7 + (3 - 5) + -22 - -5)?
-20
What is the value of -8 + 12 + -4 + 8?
8
Calculate -4 - -3 - 3 - (5 - (4 + 5)).
0
8 - (5 - (1 - (-1 + 4)))
1
What is the value of -3 + 8 - (31 + (-9 - 10))?
-7
What is 6 + -24 + (-6 - -11)?
-13
What is the value of 54 - (27 + 43) - (-1 + (0 - -1))?
-16
-3 + (-35 - (11 - 18 - 9))
-22
What is 5 + (-138 - -132 - (-7 + 1)) + 2?
7
Calculate (10 - (-18 - -18)) + -12.
-2
What is 38 + (16 - 1 - (29 + -7))?
31
What is 26 - ((-27 - -53) + 3)?
-3
2 - (-14 + -4 + (-8 - -3 - -10))
15
Calculate 1 - -23 - (15 + (-13 - -2)).
20
What is the value of 4 + (3 - -5 - 4) - -2?
10
40 + -96 - -55 - (-20 + 1 + 1)
17
Calculate 3 - (-4 - (-20 + 3 - -8)).
-2
What is the value of 18 + (-6 - ((-2 - -8 - 12) + -4))?
22
Evaluate -11 + ((-4 - 24) + 8 - -5) + -7.
-33
Evaluate -4 - (-12 + 12 + (0 - -3)).
-7
8 - (-1 - (-13 + (11 - -15)))
22
Calculate -2 + 0 + (-5 + 13 - 11) + -8.
-13
0 + 6 + -9 + -3 + (-5 - 9)
-20
What is the value of -33 + (3 - 39 - -45)?
-24
Calculate (0 - 1) + -14 + (11 - -16 - 15).
-3
4 + -20 + 1 - -12
-3
Evaluate (3 - 4) + (16 + -16 - 8).
-9
Calculate (-14 - -2) + 27 - 18.
-3
What is -12 + -2 + 11 + 12 - (0 - 2)?
11
What is 5 + 4 + (-5 - 3) + (7 - 5)?
3
What is (123 - 126 - (-10 + 1)) + 10?
16
Calculate -23 + (22 - 47) + 60.
12
Calculate 4 - (-21 + (4 - -6)).
15
-6 + (-17 - -17) + -4
-10
What is the value of -8 - -14 - (18 + 3)?
-15
(21 - 1) + -16 + -1 + -25 - 4
-26
What is 7 + (9 - ((-4 - -25) + -5)) + -5?
-5
What is the value of (-1 - -16) + (-20 - -21) + 8?
24
-7 + -3 + -20 + 52 + -27
-5
What is the value of 1 + 2 + 10 + (8 - (19 - 14))?
16
-7 + (0 - (13 + -6 - 13)) + -4
-5
Evaluate 8 + (-30 - -9) + 12.
-1
What is the value of 10 - -3 - (-59 - -63)?
9
Calculate (12 - (-15 - 1)) + -7.
21
Evaluate -17 - -21 - (9 - 19).
14
Evaluate 24 + -20 + (-3 - (-1 + 5 - 5)).
2
1 + -10 + (8 - (6 - 3))
-4
0 + (-4 - -5) + -3 + 2 + 9
9
Calculate (-2 - (2 - 3 - -3) - -10) + 6.
12
Calculate -29 + -8 + -16 + 43.
-10
What is 4 + 15 + -2 + -21 + 5?
1
What is the value of -74 + 73 + ((-2 - 0) + 1 - -14)?
12
6 + -1 - (86 - 73)
-8
What is -5 + 8 - (-5 + 5 + 2 + -1)?
2
(97 - 43) + (-32 - -3)
25
What is the value of 40 + -67 + -11 + 67?
29
Calculate (1 - -12) + (-352 - -358) + 6.
25
Evaluate (-473 - -478) + 0 + -14.
-9
Calculate -8 + (-10 - 1) + (42 - 17 - 18).
-12
Evaluate -52 + 53 + 35 + (-8 - -2).
30
What is the value of 14 - ((-5 - (2 - 15)) + 1)?
5
What is the value of 5 - ((-7 + 5 - 0) + -1) - -2?
10
What is (-8 - ((2 + -20 - -4) + 5)) + -2?
-1
(-1 - 5) + 5 - 6 - -8
1
Calculate -7 + -36 - -33 - (1 - (3 + 1)).
-7
(13 - (2 + 3 - -1)) + -4 + -1
2
What is 16 + -11 + 11 - 2?
14
Calculate 1 + -25 + (-19 + -17 + 9 - -26).
-25
(3 - (3 - 9)) + -12 + 23
20
Evaluate -54 + 110 + -1 + -30.
25
Evaluate -7 - (0 - (2 + 6)).
1
What is -11 - -1 - (49 - (-13 + 79))?
7
Evaluate -1 - 1 - (6 + -14) - (5 - -11).
-10
What is (8 + (-5 - -4) - (6 + -3)) + -13?
-9
Evaluate 12 + (12 + -8 - 24).
-8
Calculate 5 + (0 - (19 - 15)).
1
Calculate -2 + (3 - -17 - 20).
-2
Evaluate 2 + -9 + 24 + -2.
15
What is the value of -7 + 10 + -2 - (4 + -3)?
0
Calculate -2 - ((4 - 1) + -3 + (-2 - -2)).
-2
(14 - (-33 - -26)) + (-1 - 7) + 10
23
What is 28 + (-17 - -19) + -50?
-20
What is the value of 5 + -6 + (-4 - 3) + (-3 - -7)?
-4
What is the value of -1 + (-2 - (-10 - -8))?
-1
Calculate 19 - (8 + -15 - -39) - -30.
17
What is (-9 - 0 - (0 + -18)) + -14?
-5
Calculate 61 - (-7 + 85) - (-3 - -1 - -2).
-17
What is -24 - (12 + (2 - 1) + -7)?
-30
Calculate (55 - 8) + -13 - 21.
13
Evaluate ((16 - 7) + -20 - -18) + (20 - 2).
25
Evaluate (-6 + -1 - (7 - (-27 + 47))) + -24.
-18
What is 6 + -5 - (-26 - -26)?
1
What is the value of 25 - (-52 + 60 + -19)?
36
What is the value of (-1 + (9 - -1) - 4) + -12?
-7
Calculate 28 - (-13 - (35 - 107)).
-31
-4 + 1 + -4 + 7 + 9
9
What is the value of 7 + -24 - ((18 - 17) + -11)?
-7
What is 3 - ((5 - 2) + 2 - (-4 + 5))?
-1
(22 - 22) + 10 + -1 + -19
-10
Calculate (20 - 14 - 14) + (-1 - -4 - -27).
22
(15 - -12) + 10 - 23
14
10 - (23 + -10 + -2 - -11)
-12
Calculate 2 + -19 + 19 + -29 + 14.
-13
Calculate -1 + 1 - (-13 + 21).
-8
What is (-2 - -20) + 4 + 3 + -8 + -5?
12
What is -12 - -20 - (5 + 4 + -5)?
4
What is the value of 23 + (9 - (9 - -31))?
-8
What is -53 + 63 + 3 + -7?
6
What is the value of 4 + -2 - (0 - (-8 - -6 - -1))?
1
Calculate 10 - 18 - (4 + -19) - -7.
14
Calculate -9 + (-8 - 2) - -37.
18
21 + -13 - ((10 - 5 - -1) + 6)
-4
Evaluate (-6 + 16 - -14) + -13.
11
What is the value of -33 - (15 + -39) - (3 + -12 + -1)?
1
(-63 - -50) + 16 - (-2 - 20 - 2)
27
What is 66 + -30 + -18 - (8 + (0 - 2))?
12
What is the value of -25 - 2 - (4 + 36 + -29)?
-38
What is the value of (-3 - (-3 + 5)) + -11 + 7 + -15?
-24
What is the value of 20 + -13 + -17 + 13?
3
6 - (-5 - (4 + -4 - 9) - -13)
-11
Calculate (-10 - (2 + -4)) + (-7 - -4).
-11
Calculate -4 - (-7 - -4) - ((9 - -6) + 1).
-17
Calcul